{"id":70,"date":"2024-06-04T00:42:09","date_gmt":"2024-06-04T00:42:09","guid":{"rendered":"https:\/\/davz.hr\/wordpress\/?page_id=70"},"modified":"2025-11-21T10:09:15","modified_gmt":"2025-11-21T10:09:15","slug":"kontakt","status":"publish","type":"page","link":"https:\/\/davz.hr\/wordpress\/?page_id=70","title":{"rendered":"Kontakt"},"content":{"rendered":"\n<p>arhitekt.vz@gmail.com<\/p>\n\n\n\n<p><strong>Dru\u0161tvo arhitekata Vara\u017edina (DAV)<\/strong><\/p>\n\n\n\n<p><em>Optujska 99, 42000 Vara\u017edin<\/em><\/p>\n\n\n\n<p>OIB: 97116871661<\/p>\n\n\n\n<p>IBAN: HR7924840081135202149<\/p>\n\n\n\n<p><strong>Upravni odbor<\/strong><\/p>\n\n\n\n<p>KOVA\u010cEVI\u0106 DUJE _ predsjednik<\/p>\n\n\n\n<p>+385 91 574 1616<\/p>\n\n\n\n<p>GOTAL LUKA _ dopredsjednik<\/p>\n\n\n\n<p>+385 95 799 7222<\/p>\n\n\n\n<p>\u0160TULJAN ZDRAVKO _ tajnik<\/p>\n\n\n\n<p>+385 91 793 3289<\/p>\n\n\n\n<p>KORPAR PETRA<\/p>\n\n\n\n<p>+385 98 934 2572<\/p>\n\n\n\n<p>FI\u0160TREK VALENTINA<\/p>\n\n\n\n<p>+385 91 369 3263<\/p>\n\n\n\n<p><\/p>\n","protected":false},"excerpt":{"rendered":"<p>arhitekt.vz@gmail.com Dru\u0161tvo arhitekata Vara\u017edina (DAV) Optujska 99, 42000 Vara\u017edin OIB: 97116871661 IBAN: HR7924840081135202149 Upravni odbor KOVA\u010cEVI\u0106 DUJE _ predsjednik +385 91 574 1616 GOTAL LUKA _ dopredsjednik +385 95 799 7222 \u0160TULJAN ZDRAVKO _ tajnik +385 91 793 3289 KORPAR PETRA +385 98 934 2572 FI\u0160TREK VALENTINA +385 91 369 3263<\/p>\n","protected":false},"author":1,"featured_media":0,"parent":0,"menu_order":0,"comment_status":"closed","ping_status":"closed","template":"","meta":{"footnotes":""},"class_list":["post-70","page","type-page","status-publish","hentry"],"_links":{"self":[{"href":"https:\/\/davz.hr\/wordpress\/index.php?rest_route=\/wp\/v2\/pages\/70","targetHints":{"allow":["GET"]}}],"collection":[{"href":"https:\/\/davz.hr\/wordpress\/index.php?rest_route=\/wp\/v2\/pages"}],"about":[{"href":"https:\/\/davz.hr\/wordpress\/index.php?rest_route=\/wp\/v2\/types\/page"}],"author":[{"embeddable":true,"href":"https:\/\/davz.hr\/wordpress\/index.php?rest_route=\/wp\/v2\/users\/1"}],"replies":[{"embeddable":true,"href":"https:\/\/davz.hr\/wordpress\/index.php?rest_route=%2Fwp%2Fv2%2Fcomments&post=70"}],"version-history":[{"count":8,"href":"https:\/\/davz.hr\/wordpress\/index.php?rest_route=\/wp\/v2\/pages\/70\/revisions"}],"predecessor-version":[{"id":629,"href":"https:\/\/davz.hr\/wordpress\/index.php?rest_route=\/wp\/v2\/pages\/70\/revisions\/629"}],"wp:attachment":[{"href":"https:\/\/davz.hr\/wordpress\/index.php?rest_route=%2Fwp%2Fv2%2Fmedia&parent=70"}],"curies":[{"name":"wp","href":"https:\/\/api.w.org\/{rel}","templated":true}]}}